{"version":"1.0","provider_name":"F\u00f6rfattaren","provider_url":"https:\/\/www.forfattaren.se","author_name":"Anders Rydell","author_url":"https:\/\/www.forfattaren.se\/av\/anders-rydell","title":"\u201dAntiziganismen finns \u00f6verallt\u201d - F\u00f6rfattaren","type":"rich","width":600,"height":338,"html":"<blockquote class=\"wp-embedded-content\" data-secret=\"cWEYimeQr4\"><a href=\"https:\/\/www.forfattaren.se\/intervju\/antiziganismen-finns-overallt\">\u201dAntiziganismen finns \u00f6verallt\u201d<\/a><\/blockquote><iframe sandbox=\"allow-scripts\" security=\"restricted\" src=\"https:\/\/www.forfattaren.se\/intervju\/antiziganismen-finns-overallt\/embed#?secret=cWEYimeQr4\" width=\"600\" height=\"338\" title=\"\u201d\u201dAntiziganismen finns \u00f6verallt\u201d\u201d &ndash; F\u00f6rfattaren\" data-secret=\"cWEYimeQr4\" frameborder=\"0\" marginwidth=\"0\" marginheight=\"0\" scrolling=\"no\" class=\"wp-embedded-content\"><\/iframe><script type=\"text\/javascript\">\n\/*! This file is auto-generated *\/\n!function(c,d){\"use strict\";var e=!1,o=!1;if(d.querySelector)if(c.addEventListener)e=!0;if(c.wp=c.wp||{},c.wp.receiveEmbedMessage);else if(c.wp.receiveEmbedMessage=function(e){var t=e.data;if(!t);else if(!(t.secret||t.message||t.value));else if(\/[^a-zA-Z0-9]\/.test(t.secret));else{for(var r,s,a,i=d.querySelectorAll('iframe[data-secret=\"'+t.secret+'\"]'),n=d.querySelectorAll('blockquote[data-secret=\"'+t.secret+'\"]'),o=new RegExp(\"^https?:$\",\"i\"),l=0;l<n.length;l++)n[l].style.display=\"none\";for(l=0;l<i.length;l++)if(r=i[l],e.source!==r.contentWindow);else{if(r.removeAttribute(\"style\"),\"height\"===t.message){if(1e3<(s=parseInt(t.value,10)))s=1e3;else if(~~s<200)s=200;r.height=s}if(\"link\"===t.message)if(s=d.createElement(\"a\"),a=d.createElement(\"a\"),s.href=r.getAttribute(\"src\"),a.href=t.value,!o.test(a.protocol));else if(a.host===s.host)if(d.activeElement===r)c.top.location.href=t.value}}},e)c.addEventListener(\"message\",c.wp.receiveEmbedMessage,!1),d.addEventListener(\"DOMContentLoaded\",t,!1),c.addEventListener(\"load\",t,!1);function t(){if(o);else{o=!0;for(var e,t,r,s=-1!==navigator.appVersion.indexOf(\"MSIE 10\"),a=!!navigator.userAgent.match(\/Trident.*rv:11\\.\/),i=d.querySelectorAll(\"iframe.wp-embedded-content\"),n=0;n<i.length;n++){if(!(r=(t=i[n]).getAttribute(\"data-secret\")))r=Math.random().toString(36).substr(2,10),t.src+=\"#?secret=\"+r,t.setAttribute(\"data-secret\",r);if(s||a)(e=t.cloneNode(!0)).removeAttribute(\"security\"),t.parentNode.replaceChild(e,t);t.contentWindow.postMessage({message:\"ready\",secret:r},\"*\")}}}}(window,document);\n<\/script>\n","thumbnail_url":"https:\/\/www.forfattaren.se\/app\/uploads\/2020\/12\/9495445419102d2b_org_fotograf-anna-von-brocc88mssen-scaled.jpg","thumbnail_width":2560,"thumbnail_height":1707,"description":"Han talar sex spr\u00e5k flytande \u2013 men v\u00e4xte upp med en mamma som varken kunde l\u00e4sa eller skriva. Bagir Kwiek utn\u00e4mndes nyligen till Sveriges nya l\u00e4sambassad\u00f6r. F\u00f6rfattaren tr\u00e4ffade honom f\u00f6r ett samtal om diskriminering, romsk litteratur och kampen f\u00f6r en likv\u00e4rdig utbildning. %"}

Författaren

”Antiziganismen finns överallt” - Författaren

<blockquote class="wp-embedded-content" data-secret="cWEYimeQr4"><a href="https://www.forfattaren.se/intervju/antiziganismen-finns-overallt">”Antiziganismen finns överallt”</a></blockquote><iframe sandbox="allow-scripts" security="restricted" src="https://www.forfattaren.se/intervju/antiziganismen-finns-overallt/embed#?secret=cWEYimeQr4" width="600" height="338" title="””Antiziganismen finns överallt”” &ndash; Författaren" data-secret="cWEYimeQr4" frameborder="0" marginwidth="0" marginheight="0" scrolling="no" class="wp-embedded-content"></iframe><script type="text/javascript">
/*! This file is auto-generated */
!function(c,d){"use strict";var e=!1,o=!1;if(d.querySelector)if(c.addEventListener)e=!0;if(c.wp=c.wp||{},c.wp.receiveEmbedMessage);else if(c.wp.receiveEmbedMessage=function(e){var t=e.data;if(!t);else if(!(t.secret||t.message||t.value));else if(/[^a-zA-Z0-9]/.test(t.secret));else{for(var r,s,a,i=d.querySelectorAll('iframe[data-secret="'+t.secret+'"]'),n=d.querySelectorAll('blockquote[data-secret="'+t.secret+'"]'),o=new RegExp("^https?:$","i"),l=0;l<n.length;l++)n[l].style.display="none";for(l=0;l<i.length;l++)if(r=i[l],e.source!==r.contentWindow);else{if(r.removeAttribute("style"),"height"===t.message){if(1e3<(s=parseInt(t.value,10)))s=1e3;else if(~~s<200)s=200;r.height=s}if("link"===t.message)if(s=d.createElement("a"),a=d.createElement("a"),s.href=r.getAttribute("src"),a.href=t.value,!o.test(a.protocol));else if(a.host===s.host)if(d.activeElement===r)c.top.location.href=t.value}}},e)c.addEventListener("message",c.wp.receiveEmbedMessage,!1),d.addEventListener("DOMContentLoaded",t,!1),c.addEventListener("load",t,!1);function t(){if(o);else{o=!0;for(var e,t,r,s=-1!==navigator.appVersion.indexOf("MSIE 10"),a=!!navigator.userAgent.match(/Trident.*rv:11\./),i=d.querySelectorAll("iframe.wp-embedded-content"),n=0;n<i.length;n++){if(!(r=(t=i[n]).getAttribute("data-secret")))r=Math.random().toString(36).substr(2,10),t.src+="#?secret="+r,t.setAttribute("data-secret",r);if(s||a)(e=t.cloneNode(!0)).removeAttribute("security"),t.parentNode.replaceChild(e,t);t.contentWindow.postMessage({message:"ready",secret:r},"*")}}}}(window,document);
</script>

Han talar sex språk flytande – men växte upp med en mamma som varken kunde läsa eller skriva. Bagir Kwiek utnämndes nyligen till Sveriges nya läsambassadör. Författaren träffade honom för ett samtal om diskriminering, romsk litteratur och kampen för en likvärdig utbildning. %
